 b(s) = 3*s**2 - 2*s - 2. Let j(u) = b(u) - 2*g(u). List the prime factors of j(-3).
23
Let b(a) be the first derivative of 3*a**2 + 14*a - 7. List the prime factors of b(5).
2, 11
Let v be -1 + ((-4)/(-2))/(-1). Let r be 11/(-5) - v/15. Let u(k) = -3*k - 3. What are the prime factors of u(r)?
3
Let g be 1/6 + 37/(-6). Let b be g/(-2)*(-8)/12. Let a = 12 + b. What are the prime factors of a?
2, 5
Let i = 15 - 22. Let a = -28 - i. Let g = 29 + a. List the prime factors of g.
2
Let a(g) be the third derivative of -g**6/120 + g**5/12 + 7*g**4/24 - 4*g**2. List the prime factors of a(6).
2, 3
Let d(f) = -2*f**2 - 6*f + f**2 - 4*f. List the prime factors of d(-7).
3, 7
Let a(d) = d**2 + 10*d + 12. List the prime factors of a(-12).
2, 3
Let f(i) = i - 2. Let w be f(6). Suppose -w*l - 18 = -62. Suppose -5*d + 1 = -3*t, -2*d = -3*t - 3*d + l. What are the prime factors of t?
3
Suppose -11 - 58 = -5*u + 3*g, -2*u - 2*g = -18. Let w = u + -6. List the prime factors of w.
2, 3
Let p(x) = x. Let n(c) = 5*c - 5. Let h(s) = n(s) - 4*p(s). What are the prime factors of h(7)?
2
Suppose 0 = 2*v + 5 - 1. Let z(j) = j**2 + 11*j + 6. Let r(o) = 3*o**2 + 23*o + 12. Let s(l) = v*r(l) + 5*z(l). What are the prime factors of s(9)?
2, 3
Suppose w + 2*w - 396 = 0. Suppose 0*r + 4*r = -5*g + w, -r = 5*g - 123. Suppose 0 = -4*p + g. List the prime factors of p.
2, 3
Let x = -18 - -66. List the prime factors of x.
2, 3
What are the prime factors of 1*2/(-4)*-10?
5
Suppose 3*s = -0*s - 6. Let p be 5 - 2/(-2)*s. List the prime factors of p + -3 - -2*1.
2
Let g(k) = k. Let s be g(3). Let w be -3*(48/(-9) + 4). Suppose 0 = w*a - s*z - 22, 8*a - 3*a - 33 = z. What are the prime factors of a?
7
Suppose 3*x = -5*t + 16, 10 = t - 0*t + 4*x. What are the prime factors of t/4*(-58)/(-1)?
29
Let s(q) = -q + 12. Let j(x) = -3*x - 2. Let i(l) = -l**2 + l + 3. Let v be i(3). Let h be j(v). What are the prime factors of s(h)?
5
Let b(g) = 2*g**3 - 5*g**2 - 3*g - 2. Let m be b(5). Let u = -77 + m. What are the prime factors of u?
31
Let l(c) = -c**3 - 5*c**2 + 4*c - 7. Let n be l(-6). Suppose -j + 1 - 4 = -2*r, 6 = n*r - 3*j. Suppose 12 = r*q + 3. List the prime factors of q.
3
Let p be (-4)/(-3)*(-3)/1. Let f = p - -2. List the prime factors of (12 - 0)*(f + 3).
2, 3
Suppose 3*n + 12 = 0, -58 = 3*j - 2*n - 195. Let q(i) = -i**2 + 5*i + 6. Let x be q(-4). Let z = j + x. What are the prime factors of z?
13
What are the prime factors of 10 - (-2 + -2)*-1?
2, 3
Suppose -4*o + o = -2*p + 36, 2*p = -3*o + 12. What are the prime factors of p?
2, 3
Let m = 9 + -4. Suppose -20 = -5*d - m*q, -5*d + q = -2*q - 20. List the prime factors of d.
2
Let b(w) = w**2 + 4*w + 1. Let i be b(-3). Let x be -2*1*3/i. Suppose -g - x*g + 28 = 0. List the prime factors of g.
7
Let n(z) = -5*z**3 - 3*z**2 + 11*z - 10. Let c(v) = -2*v**3 - 2*v**2 + 5*v - 5. Let t(l) = -7*c(l) + 3*n(l). What are the prime factors of t(4)?
13
Let l(a) be the second derivative of -a**6/720 + 7*a**5/60 - a**4/6 + 2*a. Let u(n) be the third derivative of l(n). List the prime factors of u(10).
2
Let l(a) = -a**2 + 7*a + 10. Let q be l(8). Suppose 22 = 4*u + r, -u - r + 16 = q*u. List the prime factors of u.
2, 3
Let t(k) = 10*k**3 + 2*k**2 + 2*k - 2. What are the prime factors of t(2)?
2, 3, 5
Suppose -4*r + 69 = -35. Suppose 2*m - 2*y - 6 = 0, -4*y = 5*m - 7 - r. Suppose m*g - 35 = -5*j, 5*j - 6*j = 5*g - 19. List the prime factors of g.
3
Let d(k) = k + 13. Let i = -3 - 4. Let r be d(i). Suppose 2*l = l + r. What are the prime factors of l?
2, 3
Let z(p) be the second derivative of -3*p**5/20 - p**4/12 + p**3/6 - 3*p. Let u be z(-2). What are the prime factors of 9*(-3)/u*-2?
3
Let b(w) = w**3 - 4*w**2 - 4*w - 1. Let m be b(5). Let s = 9 - m. List the prime factors of s.
5
Suppose -3*t + 5*f + 64 = 0, 0*t = -3*t - 4*f + 19. List the prime factors of t.
13
Let q be -1 + 30/3 + -1. Suppose -q = -5*h + 3*h. List the prime factors of h.
2
Let n be (7/2 - 1)*-6. Let y = 23 + n. Suppose -y = r - 4*m, 4*r = -3*m + 31 - 6. What are the prime factors of r?
2
Let u = -10 + 14. Suppose -u*g + 20 = 0, -2*c - 40 = -5*g + g. Let s = c - -22. List the prime factors of s.
2, 3
Let k(r) = -3*r**3 - 1. Let f be k(1). Let x be 94/f*(-1 + -13). List the prime factors of x/35 - (-3)/5.
2, 5
List the prime factors of ((-3)/6 + -1)*76/(-6).
19
Let f = -21 + 0. Let x be (-6)/f + 52/14. Suppose x*n = 2*h + 4, 2*h = h + 3*n - 5. List the prime factors of h.
2
Let s = -7 - -10. Suppose s*v = 3*z - 0*v - 129, -z - v + 35 = 0. What are the prime factors of z?
3, 13
Let r = 5 - 5. List the prime factors of r + 2/4*14.
7
Suppose -2*d - d - 14 = -2*b, b + 4*d + 15 = 0. What are the prime factors of (0 - b) + 9/3?
2
Suppose 8*z + 138 = 11*z. List the prime factors of z.
2, 23
Let a(j) = j**2 + 7*j. Let w be a(-7). Suppose -4*k - 16 = -5*c - 3, w = -k + 3*c - 12. What are the prime factors of k?
3
Let p(o) = 8 + 4*o + 2 - 3 - 3*o. Let s be p(0). Let j = s - 3. What are the prime factors of j?
2
Suppose 2*o - 5 = o. Suppose o*c = 11 + 74. What are the prime factors of c?
17
Let d(k) be the first derivative of -k**4/4 - 3*k**3 - 4*k**2 + 8*k + 1. Suppose -7*z - 32 = -3*z. What are the prime factors of d(z)?
2
Let s(d) = -12*d. Let w be -5 - -3 - (-1)/1. List the prime factors of s(w).
2, 3
Suppose y = 4*y, 4*y + 40 = 2*i. Let j = -4 + i. What are the prime factors of j?
2
Let s(l) = l - 4. Let i be s(3). Let r be i/((-2)/(2*-1)). Let k = 9 - r. List the prime factors of k.
2, 5
List the prime factors of (36/24)/(2*1/148).
3, 37
Let w be (-69)/21 - 8/(-28). Let y(n) = n**2 - 4*n - 4. What are the prime factors of y(w)?
17
Suppose l - 6*l = -340. What are the prime factors of l?
2, 17
Let a = 5 - -18. List the prime factors of a.
23
Suppose 6*q - 9*q = -216. List the prime factors of q.
2, 3
Let d = 29 + -41. Let c(v) = v**2 + 13*v + 14. Let i be c(d). Suppose -4 + 26 = i*f. What are the prime factors of f?
11
Let v = -39 + 20. Let q = -35 + 4. Let o = v - q. List the prime factors of o.
2, 3
What are the prime factors of 136 - (4/(-3) + 1/3)?
137
Let v = 7 - -9. What are the prime factors of v?
2
Let h(a) = 14*a - 1. Let w be h(1). Suppose 3*k - 109 = -w. What are the prime factors of k?
2
Suppose -2*o = 2*o. Let b(n) = n**2 - 3*n - 4. Let y be b(4). Suppose y = s - o - 9. What are the prime factors of s?
3
Let g = 7 + 20. Suppose g = -0*o + 2*o + 3*y, -25 = -2*o - 5*y. Suppose t - 5 = o. List the prime factors of t.
2, 5
Suppose 2*d - 667 = -81. List the prime factors of d.
293
Suppose 0 = -4*b + 29 - 5. Let j(t) = t**2 - 4*t - 3. List the prime factors of j(b).
3
Let f = 1491 - 1021. Let d be 1/(-5) - f/25. Let m = d + 33. List the prime factors of m.
2, 7
Let g(r) = r - 3. Let y(n) = -n + 3. Let d(j) = -3*g(j) - 2*y(j). Let f be d(-4). Suppose 5*l - f*l + 4 = 0. What are the prime factors of l?
2
Let m(u) = 14*u**2 - 5*u - 8. List the prime factors of m(-3).
7, 19
What are the prime factors of (-14)/(-4)*(7 + -1)?
3, 7
Suppose -4*a = u + 3, -4*a + 7*a = -3*u - 9. Suppose -l + a*l = -3. What are the prime factors of l?
3
Let b be (2 - -1) + -2 - -3. Suppose b*w + h = 2*h + 47, 0 = -4*w - 2*h + 50. List the prime factors of w.
2, 3
Suppose s - 2*t = 10, 3*t - 4*t = s + 5. Let n = s - -4. Suppose 0 = -n*g + 5*w - 5 - 7, 0 = -3*g + 2*w - 2. List the prime factors of g.
2
Let i = -308 - -431. List the prime factors of i.
3, 41
Suppose -3*r - 135 = -3*m, 3*r = -2*r - 5. Let c = -23 + m. List the prime factors of c.
3, 7
Suppose 5 = 5*j - 10. Suppose 0 = j*c + 3*n - 18, 0 = 4*c - 0*n + 2*n - 16. List the prime factors of c.
2
Suppose f = t - 17, 0 = -0*t - 3*t - f + 51. List the prime factors of t.
17
Let v = 0 + 3. Suppose -3*j = -5*i - j - 33, -v*i - 4*j + 1 = 0. What are the prime factors of -3*(2 + i)*1?
3
Let l = 1 - -3. Let c be l/22 - (-786)/33. Suppose -6*o + c = -2*o. List the prime factors of o.
2, 3
Let w be (-16)/(-6) - (-2)/6. Suppose 5*m + w*p - 4 = 0, -4*p = 2*m + 2*m - 8. List the prime factors of ((-9)/(-3) - 26)/m.
23
Let d = -5 - -8. What are the prime factors of 33/d + 1*-3?
2
Suppose -3*u + 160 = 2*u. What are the prime factors of u?
2
Suppose 0 = -2*w - 2*y + 28, 0 = 5*w - y - 9 - 31. Let b = w + -5. What are the prime factors of b?
2
Let j = 411 +